{"id":1036,"date":"2021-02-17T22:27:36","date_gmt":"2021-02-17T21:27:36","guid":{"rendered":"https:\/\/drsdhahak.com\/?page_id=1036"},"modified":"2021-03-17T22:55:29","modified_gmt":"2021-03-17T21:55:29","slug":"lophtalmologie-pediatrique","status":"publish","type":"page","link":"https:\/\/drsdhahak.com\/index.php\/accueil\/lophtalmologie\/lophtalmologie-pediatrique\/","title":{"rendered":"L\u2019Ophtalmologie P\u00e9diatrique"},"content":{"rendered":"<p>[vc_row css=&#8221;.vc_custom_1616018128556{padding-top: 90px !important;padding-bottom: 90px !important;}&#8221;][vc_column][vc_column_text]<\/p>\n<h1 style=\"text-align: left;\"><span style=\"font-weight: 400;\">L\u2019Ophtalmologie P\u00e9diatrique<\/span><\/h1>\n<p>&nbsp;<\/p>\n<p><span style=\"font-weight: 400;\">L\u2019ophtalmologie p\u00e9diatrique prend en charge toutes les pathologies, des troubles visuelles, du nouveau-n\u00e9 \u00e0 l\u2019adolescent .<\/span><\/p>\n<p><span style=\"font-weight: 400;\">Il faut savoir qu\u2019un enfant sur huit pr\u00e9sente une anomalie visuelle.<\/span><\/p>\n<p><span style=\"font-weight: 400;\">On peut d\u00e9pister les troubles r\u00e9fractifs \u00e0 n\u2019importe quel \u00e2ge, mais une consultation \u00e0 1 an, 3 ans, 6 ans sont des dates importantes pour le d\u00e9pistage.<\/span><\/p>\n<p><span style=\"font-weight: 400;\">Certains signes au quotidien\u00a0 doivent vous pousser \u00e0 consulter : yeux rouges, impression que l\u2019enfant louche, reflet blanc dans la pupilles voire m\u00eame de mauvais r\u00e9sultats \u00e0 l\u2019\u00e9cole.<\/span><\/p>\n<p><span style=\"font-weight: 400;\">Les enfants ne sont pas examin\u00e9s comme des petits adultes, un examen sp\u00e9cialis\u00e9 avec un Fond D\u2019oeil est important pour d\u00e9pister les troubles r\u00e9fractifs et le strabisme.<\/span>[\/vc_column_text][\/vc_column][\/vc_row]<\/p>\n","protected":false},"excerpt":{"rendered":"<p>[vc_row css=&#8221;.vc_custom_1616018128556{padding-top: 90px !important;padding-bottom: 90px !important;}&#8221;][vc_column][vc_column_text] L\u2019Ophtalmologie P\u00e9diatrique &nbsp; L\u2019ophtalmologie p\u00e9diatrique prend en charge toutes les pathologies, des troubles visuelles, du nouveau-n\u00e9 \u00e0 l\u2019adolescent . Il faut savoir qu\u2019un enfant sur huit pr\u00e9sente une anomalie visuelle. On peut d\u00e9pister les troubles r\u00e9fractifs \u00e0 n\u2019importe quel \u00e2ge, mais une consultation \u00e0 1 an, 3 ans, 6 [&hellip;]<\/p>\n","protected":false},"author":1,"featured_media":844,"parent":1023,"menu_order":0,"comment_status":"closed","ping_status":"closed","template":"page-templates\/template-fullwidth.php","meta":{"footnotes":""},"class_list":["post-1036","page","type-page","status-publish","has-post-thumbnail","hentry"],"yoast_head":"<!-- This site is optimized with the Yoast SEO plugin v27.1.1 - https:\/\/yoast.com\/product\/yoast-seo-wordpress\/ -->\n<title>L\u2019Ophtalmologie P\u00e9diatrique - Drs Dhahak<\/title>\n<meta name=\"robots\" content=\"index, follow, max-snippet:-1, max-image-preview:large, max-video-preview:-1\" \/>\n<link rel=\"canonical\" href=\"https:\/\/drsdhahak.com\/index.php\/accueil\/lophtalmologie\/lophtalmologie-pediatrique\/\" \/>\n<meta property=\"og:locale\" content=\"fr_FR\" \/>\n<meta property=\"og:type\" content=\"article\" \/>\n<meta property=\"og:title\" content=\"L\u2019Ophtalmologie P\u00e9diatrique - Drs Dhahak\" \/>\n<meta property=\"og:description\" content=\"[vc_row css=&#8221;.vc_custom_1616018128556{padding-top: 90px !important;padding-bottom: 90px !important;}&#8221;][vc_column][vc_column_text] L\u2019Ophtalmologie P\u00e9diatrique &nbsp; L\u2019ophtalmologie p\u00e9diatrique prend en charge toutes les pathologies, des troubles visuelles, du nouveau-n\u00e9 \u00e0 l\u2019adolescent . Il faut savoir qu\u2019un enfant sur huit pr\u00e9sente une anomalie visuelle. On peut d\u00e9pister les troubles r\u00e9fractifs \u00e0 n\u2019importe quel \u00e2ge, mais une consultation \u00e0 1 an, 3 ans, 6 [&hellip;]\" \/>\n<meta property=\"og:url\" content=\"https:\/\/drsdhahak.com\/index.php\/accueil\/lophtalmologie\/lophtalmologie-pediatrique\/\" \/>\n<meta property=\"og:site_name\" content=\"Drs Dhahak\" \/>\n<meta property=\"article:modified_time\" content=\"2021-03-17T21:55:29+00:00\" \/>\n<meta property=\"og:image\" content=\"https:\/\/drsdhahak.com\/wp-content\/uploads\/2021\/02\/1.png\" \/>\n\t<meta property=\"og:image:width\" content=\"1920\" \/>\n\t<meta property=\"og:image:height\" content=\"680\" \/>\n\t<meta property=\"og:image:type\" content=\"image\/png\" \/>\n<meta name=\"twitter:card\" content=\"summary_large_image\" \/>\n<meta name=\"twitter:label1\" content=\"Dur\u00e9e de lecture estim\u00e9e\" \/>\n\t<meta name=\"twitter:data1\" content=\"1 minute\" \/>\n<script type=\"application\/ld+json\" class=\"yoast-schema-graph\">{\"@context\":\"https:\/\/schema.org\",\"@graph\":[{\"@type\":\"WebPage\",\"@id\":\"https:\/\/drsdhahak.com\/index.php\/accueil\/lophtalmologie\/lophtalmologie-pediatrique\/\",\"url\":\"https:\/\/drsdhahak.com\/index.php\/accueil\/lophtalmologie\/lophtalmologie-pediatrique\/\",\"name\":\"L\u2019Ophtalmologie P\u00e9diatrique - Drs Dhahak\",\"isPartOf\":{\"@id\":\"https:\/\/drsdhahak.com\/#website\"},\"primaryImageOfPage\":{\"@id\":\"https:\/\/drsdhahak.com\/index.php\/accueil\/lophtalmologie\/lophtalmologie-pediatrique\/#primaryimage\"},\"image\":{\"@id\":\"https:\/\/drsdhahak.com\/index.php\/accueil\/lophtalmologie\/lophtalmologie-pediatrique\/#primaryimage\"},\"thumbnailUrl\":\"https:\/\/drsdhahak.com\/wp-content\/uploads\/2021\/02\/1.png\",\"datePublished\":\"2021-02-17T21:27:36+00:00\",\"dateModified\":\"2021-03-17T21:55:29+00:00\",\"breadcrumb\":{\"@id\":\"https:\/\/drsdhahak.com\/index.php\/accueil\/lophtalmologie\/lophtalmologie-pediatrique\/#breadcrumb\"},\"inLanguage\":\"fr-FR\",\"potentialAction\":[{\"@type\":\"ReadAction\",\"target\":[\"https:\/\/drsdhahak.com\/index.php\/accueil\/lophtalmologie\/lophtalmologie-pediatrique\/\"]}]},{\"@type\":\"ImageObject\",\"inLanguage\":\"fr-FR\",\"@id\":\"https:\/\/drsdhahak.com\/index.php\/accueil\/lophtalmologie\/lophtalmologie-pediatrique\/#primaryimage\",\"url\":\"https:\/\/drsdhahak.com\/wp-content\/uploads\/2021\/02\/1.png\",\"contentUrl\":\"https:\/\/drsdhahak.com\/wp-content\/uploads\/2021\/02\/1.png\",\"width\":1920,\"height\":680},{\"@type\":\"BreadcrumbList\",\"@id\":\"https:\/\/drsdhahak.com\/index.php\/accueil\/lophtalmologie\/lophtalmologie-pediatrique\/#breadcrumb\",\"itemListElement\":[{\"@type\":\"ListItem\",\"position\":1,\"name\":\"Accueil\",\"item\":\"https:\/\/drsdhahak.com\/\"},{\"@type\":\"ListItem\",\"position\":2,\"name\":\"Accueil\",\"item\":\"https:\/\/drsdhahak.com\/\"},{\"@type\":\"ListItem\",\"position\":3,\"name\":\"L\u2019ophtalmologie\",\"item\":\"https:\/\/drsdhahak.com\/index.php\/accueil\/lophtalmologie\/\"},{\"@type\":\"ListItem\",\"position\":4,\"name\":\"L\u2019Ophtalmologie P\u00e9diatrique\"}]},{\"@type\":\"WebSite\",\"@id\":\"https:\/\/drsdhahak.com\/#website\",\"url\":\"https:\/\/drsdhahak.com\/\",\"name\":\"Drs Dhahak\",\"description\":\"chirurgie plastique, r\u00e9paratrice et esth\u00e9tique et la chirurgie ophtalmologique\",\"potentialAction\":[{\"@type\":\"SearchAction\",\"target\":{\"@type\":\"EntryPoint\",\"urlTemplate\":\"https:\/\/drsdhahak.com\/?s={search_term_string}\"},\"query-input\":{\"@type\":\"PropertyValueSpecification\",\"valueRequired\":true,\"valueName\":\"search_term_string\"}}],\"inLanguage\":\"fr-FR\"}]}<\/script>\n<!-- \/ Yoast SEO plugin. -->","yoast_head_json":{"title":"L\u2019Ophtalmologie P\u00e9diatrique - Drs Dhahak","robots":{"index":"index","follow":"follow","max-snippet":"max-snippet:-1","max-image-preview":"max-image-preview:large","max-video-preview":"max-video-preview:-1"},"canonical":"https:\/\/drsdhahak.com\/index.php\/accueil\/lophtalmologie\/lophtalmologie-pediatrique\/","og_locale":"fr_FR","og_type":"article","og_title":"L\u2019Ophtalmologie P\u00e9diatrique - Drs Dhahak","og_description":"[vc_row css=&#8221;.vc_custom_1616018128556{padding-top: 90px !important;padding-bottom: 90px !important;}&#8221;][vc_column][vc_column_text] L\u2019Ophtalmologie P\u00e9diatrique &nbsp; L\u2019ophtalmologie p\u00e9diatrique prend en charge toutes les pathologies, des troubles visuelles, du nouveau-n\u00e9 \u00e0 l\u2019adolescent . Il faut savoir qu\u2019un enfant sur huit pr\u00e9sente une anomalie visuelle. On peut d\u00e9pister les troubles r\u00e9fractifs \u00e0 n\u2019importe quel \u00e2ge, mais une consultation \u00e0 1 an, 3 ans, 6 [&hellip;]","og_url":"https:\/\/drsdhahak.com\/index.php\/accueil\/lophtalmologie\/lophtalmologie-pediatrique\/","og_site_name":"Drs Dhahak","article_modified_time":"2021-03-17T21:55:29+00:00","og_image":[{"width":1920,"height":680,"url":"https:\/\/drsdhahak.com\/wp-content\/uploads\/2021\/02\/1.png","type":"image\/png"}],"twitter_card":"summary_large_image","twitter_misc":{"Dur\u00e9e de lecture estim\u00e9e":"1 minute"},"schema":{"@context":"https:\/\/schema.org","@graph":[{"@type":"WebPage","@id":"https:\/\/drsdhahak.com\/index.php\/accueil\/lophtalmologie\/lophtalmologie-pediatrique\/","url":"https:\/\/drsdhahak.com\/index.php\/accueil\/lophtalmologie\/lophtalmologie-pediatrique\/","name":"L\u2019Ophtalmologie P\u00e9diatrique - Drs Dhahak","isPartOf":{"@id":"https:\/\/drsdhahak.com\/#website"},"primaryImageOfPage":{"@id":"https:\/\/drsdhahak.com\/index.php\/accueil\/lophtalmologie\/lophtalmologie-pediatrique\/#primaryimage"},"image":{"@id":"https:\/\/drsdhahak.com\/index.php\/accueil\/lophtalmologie\/lophtalmologie-pediatrique\/#primaryimage"},"thumbnailUrl":"https:\/\/drsdhahak.com\/wp-content\/uploads\/2021\/02\/1.png","datePublished":"2021-02-17T21:27:36+00:00","dateModified":"2021-03-17T21:55:29+00:00","breadcrumb":{"@id":"https:\/\/drsdhahak.com\/index.php\/accueil\/lophtalmologie\/lophtalmologie-pediatrique\/#breadcrumb"},"inLanguage":"fr-FR","potentialAction":[{"@type":"ReadAction","target":["https:\/\/drsdhahak.com\/index.php\/accueil\/lophtalmologie\/lophtalmologie-pediatrique\/"]}]},{"@type":"ImageObject","inLanguage":"fr-FR","@id":"https:\/\/drsdhahak.com\/index.php\/accueil\/lophtalmologie\/lophtalmologie-pediatrique\/#primaryimage","url":"https:\/\/drsdhahak.com\/wp-content\/uploads\/2021\/02\/1.png","contentUrl":"https:\/\/drsdhahak.com\/wp-content\/uploads\/2021\/02\/1.png","width":1920,"height":680},{"@type":"BreadcrumbList","@id":"https:\/\/drsdhahak.com\/index.php\/accueil\/lophtalmologie\/lophtalmologie-pediatrique\/#breadcrumb","itemListElement":[{"@type":"ListItem","position":1,"name":"Accueil","item":"https:\/\/drsdhahak.com\/"},{"@type":"ListItem","position":2,"name":"Accueil","item":"https:\/\/drsdhahak.com\/"},{"@type":"ListItem","position":3,"name":"L\u2019ophtalmologie","item":"https:\/\/drsdhahak.com\/index.php\/accueil\/lophtalmologie\/"},{"@type":"ListItem","position":4,"name":"L\u2019Ophtalmologie P\u00e9diatrique"}]},{"@type":"WebSite","@id":"https:\/\/drsdhahak.com\/#website","url":"https:\/\/drsdhahak.com\/","name":"Drs Dhahak","description":"chirurgie plastique, r\u00e9paratrice et esth\u00e9tique et la chirurgie ophtalmologique","potentialAction":[{"@type":"SearchAction","target":{"@type":"EntryPoint","urlTemplate":"https:\/\/drsdhahak.com\/?s={search_term_string}"},"query-input":{"@type":"PropertyValueSpecification","valueRequired":true,"valueName":"search_term_string"}}],"inLanguage":"fr-FR"}]}},"_links":{"self":[{"href":"https:\/\/drsdhahak.com\/index.php\/wp-json\/wp\/v2\/pages\/1036","targetHints":{"allow":["GET"]}}],"collection":[{"href":"https:\/\/drsdhahak.com\/index.php\/wp-json\/wp\/v2\/pages"}],"about":[{"href":"https:\/\/drsdhahak.com\/index.php\/wp-json\/wp\/v2\/types\/page"}],"author":[{"embeddable":true,"href":"https:\/\/drsdhahak.com\/index.php\/wp-json\/wp\/v2\/users\/1"}],"replies":[{"embeddable":true,"href":"https:\/\/drsdhahak.com\/index.php\/wp-json\/wp\/v2\/comments?post=1036"}],"version-history":[{"count":2,"href":"https:\/\/drsdhahak.com\/index.php\/wp-json\/wp\/v2\/pages\/1036\/revisions"}],"predecessor-version":[{"id":1809,"href":"https:\/\/drsdhahak.com\/index.php\/wp-json\/wp\/v2\/pages\/1036\/revisions\/1809"}],"up":[{"embeddable":true,"href":"https:\/\/drsdhahak.com\/index.php\/wp-json\/wp\/v2\/pages\/1023"}],"wp:featuredmedia":[{"embeddable":true,"href":"https:\/\/drsdhahak.com\/index.php\/wp-json\/wp\/v2\/media\/844"}],"wp:attachment":[{"href":"https:\/\/drsdhahak.com\/index.php\/wp-json\/wp\/v2\/media?parent=1036"}],"curies":[{"name":"wp","href":"https:\/\/api.w.org\/{rel}","templated":true}]}}