{"id":1019,"date":"2021-02-17T21:47:03","date_gmt":"2021-02-17T20:47:03","guid":{"rendered":"https:\/\/drsdhahak.com\/?page_id=1019"},"modified":"2021-03-17T22:55:56","modified_gmt":"2021-03-17T21:55:56","slug":"la-chirurgie-refractive","status":"publish","type":"page","link":"https:\/\/drsdhahak.com\/index.php\/accueil\/lophtalmologie\/la-chirurgie-refractive\/","title":{"rendered":"La Chirurgie R\u00e9fractive"},"content":{"rendered":"<p>[vc_row css=&#8221;.vc_custom_1616018155533{padding-top: 90px !important;padding-bottom: 90px !important;}&#8221;][vc_column width=&#8221;2\/3&#8243;][vc_column_text]<\/p>\n<h1 style=\"text-align: left;\"><span style=\"font-weight: 400;\">La Chirurgie R\u00e9fractive<\/span><\/h1>\n<p>&nbsp;<\/p>\n<p><span style=\"font-weight: 400;\">La chirurgie r\u00e9fractive par laser est une intervention chirurgicale de confort visant \u00e0 corriger un ou plusieurs d\u00e9fauts visuels cumul\u00e9s \u00e0 savoir la myopie,l\u2019hyperm\u00e9tropie,l\u2019astigmatisme ou la presbytie.<\/span><\/p>\n<p><span style=\"font-weight: 400;\">Le but est de r\u00e9duire la d\u00e9pendance vis-\u00e0-vis des lunettes ou des lentilles, pour acc\u00e9der \u00e0 une nouvelle vision sans contrainte pour les activit\u00e9s ext\u00e9rieures,sportives ou professionnelles.<\/span><\/p>\n<p><span style=\"font-weight: 400;\">Le principe consiste \u00e0 r\u00e9aliser un lenticule dans l\u2019\u00e9paisseur de la corn\u00e9e afin de permettre un remodelage en profondeur de la courbure corn\u00e9enne au Laser.<\/span><\/p>\n<p><span style=\"font-weight: 400;\">En Tunisie il existe plusieurs techniques:<\/span><\/p>\n<ul>\n<li style=\"font-weight: 400;\" aria-level=\"1\"><span style=\"font-weight: 400;\">ReLex<\/span><\/li>\n<li style=\"font-weight: 400;\" aria-level=\"1\"><span style=\"font-weight: 400;\">PresbiViz<\/span><\/li>\n<li style=\"font-weight: 400;\" aria-level=\"1\"><span style=\"font-weight: 400;\">Lasik<\/span><\/li>\n<li style=\"font-weight: 400;\" aria-level=\"1\"><span style=\"font-weight: 400;\">PKR<\/span><\/li>\n<\/ul>\n<p><span style=\"font-weight: 400;\">Toutes les questions que vous posez, seront abord\u00e9es au cours d\u2019un premier bilan, qui permettra entre autre de v\u00e9rifier si vous remplissez bien tous les crit\u00e8res pour pouvoir b\u00e9n\u00e9ficier d\u2019une chirurgie r\u00e9fractive.<\/span><\/p>\n<p><span style=\"font-weight: 400;\">A la fin une synth\u00e8se sera faite pour expliquer les diff\u00e9rentes options chirurgicales, le choix de la technique, les b\u00e9n\u00e9fices et les risques.<\/span>[\/vc_column_text][\/vc_column][vc_column width=&#8221;1\/3&#8243;][vc_single_image image=&#8221;918&#8243; img_size=&#8221;full&#8221; alignment=&#8221;center&#8221;][vc_column_text]<\/p>\n<h6 style=\"text-align: center;\"><em>Image N\u00b01<\/em><\/h6>\n<p>[\/vc_column_text][\/vc_column][\/vc_row]<\/p>\n","protected":false},"excerpt":{"rendered":"<p>[vc_row css=&#8221;.vc_custom_1616018155533{padding-top: 90px !important;padding-bottom: 90px !important;}&#8221;][vc_column width=&#8221;2\/3&#8243;][vc_column_text] La Chirurgie R\u00e9fractive &nbsp; La chirurgie r\u00e9fractive par laser est une intervention chirurgicale de confort visant \u00e0 corriger un ou plusieurs d\u00e9fauts visuels cumul\u00e9s \u00e0 savoir la myopie,l\u2019hyperm\u00e9tropie,l\u2019astigmatisme ou la presbytie. Le but est de r\u00e9duire la d\u00e9pendance vis-\u00e0-vis des lunettes ou des lentilles, pour acc\u00e9der \u00e0 une [&hellip;]<\/p>\n","protected":false},"author":1,"featured_media":844,"parent":1023,"menu_order":0,"comment_status":"closed","ping_status":"closed","template":"page-templates\/template-fullwidth.php","meta":{"footnotes":""},"class_list":["post-1019","page","type-page","status-publish","has-post-thumbnail","hentry"],"yoast_head":"<!-- This site is optimized with the Yoast SEO plugin v27.1.1 - https:\/\/yoast.com\/product\/yoast-seo-wordpress\/ -->\n<title>La Chirurgie R\u00e9fractive - Drs Dhahak<\/title>\n<meta name=\"robots\" content=\"index, follow, max-snippet:-1, max-image-preview:large, max-video-preview:-1\" \/>\n<link rel=\"canonical\" href=\"https:\/\/drsdhahak.com\/index.php\/accueil\/lophtalmologie\/la-chirurgie-refractive\/\" \/>\n<meta property=\"og:locale\" content=\"fr_FR\" \/>\n<meta property=\"og:type\" content=\"article\" \/>\n<meta property=\"og:title\" content=\"La Chirurgie R\u00e9fractive - Drs Dhahak\" \/>\n<meta property=\"og:description\" content=\"[vc_row css=&#8221;.vc_custom_1616018155533{padding-top: 90px !important;padding-bottom: 90px !important;}&#8221;][vc_column width=&#8221;2\/3&#8243;][vc_column_text] La Chirurgie R\u00e9fractive &nbsp; La chirurgie r\u00e9fractive par laser est une intervention chirurgicale de confort visant \u00e0 corriger un ou plusieurs d\u00e9fauts visuels cumul\u00e9s \u00e0 savoir la myopie,l\u2019hyperm\u00e9tropie,l\u2019astigmatisme ou la presbytie. Le but est de r\u00e9duire la d\u00e9pendance vis-\u00e0-vis des lunettes ou des lentilles, pour acc\u00e9der \u00e0 une [&hellip;]\" \/>\n<meta property=\"og:url\" content=\"https:\/\/drsdhahak.com\/index.php\/accueil\/lophtalmologie\/la-chirurgie-refractive\/\" \/>\n<meta property=\"og:site_name\" content=\"Drs Dhahak\" \/>\n<meta property=\"article:modified_time\" content=\"2021-03-17T21:55:56+00:00\" \/>\n<meta property=\"og:image\" content=\"https:\/\/drsdhahak.com\/wp-content\/uploads\/2021\/02\/1.png\" \/>\n\t<meta property=\"og:image:width\" content=\"1920\" \/>\n\t<meta property=\"og:image:height\" content=\"680\" \/>\n\t<meta property=\"og:image:type\" content=\"image\/png\" \/>\n<meta name=\"twitter:card\" content=\"summary_large_image\" \/>\n<meta name=\"twitter:label1\" content=\"Dur\u00e9e de lecture estim\u00e9e\" \/>\n\t<meta name=\"twitter:data1\" content=\"1 minute\" \/>\n<script type=\"application\/ld+json\" class=\"yoast-schema-graph\">{\"@context\":\"https:\/\/schema.org\",\"@graph\":[{\"@type\":\"WebPage\",\"@id\":\"https:\/\/drsdhahak.com\/index.php\/accueil\/lophtalmologie\/la-chirurgie-refractive\/\",\"url\":\"https:\/\/drsdhahak.com\/index.php\/accueil\/lophtalmologie\/la-chirurgie-refractive\/\",\"name\":\"La Chirurgie R\u00e9fractive - Drs Dhahak\",\"isPartOf\":{\"@id\":\"https:\/\/drsdhahak.com\/#website\"},\"primaryImageOfPage\":{\"@id\":\"https:\/\/drsdhahak.com\/index.php\/accueil\/lophtalmologie\/la-chirurgie-refractive\/#primaryimage\"},\"image\":{\"@id\":\"https:\/\/drsdhahak.com\/index.php\/accueil\/lophtalmologie\/la-chirurgie-refractive\/#primaryimage\"},\"thumbnailUrl\":\"https:\/\/drsdhahak.com\/wp-content\/uploads\/2021\/02\/1.png\",\"datePublished\":\"2021-02-17T20:47:03+00:00\",\"dateModified\":\"2021-03-17T21:55:56+00:00\",\"breadcrumb\":{\"@id\":\"https:\/\/drsdhahak.com\/index.php\/accueil\/lophtalmologie\/la-chirurgie-refractive\/#breadcrumb\"},\"inLanguage\":\"fr-FR\",\"potentialAction\":[{\"@type\":\"ReadAction\",\"target\":[\"https:\/\/drsdhahak.com\/index.php\/accueil\/lophtalmologie\/la-chirurgie-refractive\/\"]}]},{\"@type\":\"ImageObject\",\"inLanguage\":\"fr-FR\",\"@id\":\"https:\/\/drsdhahak.com\/index.php\/accueil\/lophtalmologie\/la-chirurgie-refractive\/#primaryimage\",\"url\":\"https:\/\/drsdhahak.com\/wp-content\/uploads\/2021\/02\/1.png\",\"contentUrl\":\"https:\/\/drsdhahak.com\/wp-content\/uploads\/2021\/02\/1.png\",\"width\":1920,\"height\":680},{\"@type\":\"BreadcrumbList\",\"@id\":\"https:\/\/drsdhahak.com\/index.php\/accueil\/lophtalmologie\/la-chirurgie-refractive\/#breadcrumb\",\"itemListElement\":[{\"@type\":\"ListItem\",\"position\":1,\"name\":\"Accueil\",\"item\":\"https:\/\/drsdhahak.com\/\"},{\"@type\":\"ListItem\",\"position\":2,\"name\":\"Accueil\",\"item\":\"https:\/\/drsdhahak.com\/\"},{\"@type\":\"ListItem\",\"position\":3,\"name\":\"L\u2019ophtalmologie\",\"item\":\"https:\/\/drsdhahak.com\/index.php\/accueil\/lophtalmologie\/\"},{\"@type\":\"ListItem\",\"position\":4,\"name\":\"La Chirurgie R\u00e9fractive\"}]},{\"@type\":\"WebSite\",\"@id\":\"https:\/\/drsdhahak.com\/#website\",\"url\":\"https:\/\/drsdhahak.com\/\",\"name\":\"Drs Dhahak\",\"description\":\"chirurgie plastique, r\u00e9paratrice et esth\u00e9tique et la chirurgie ophtalmologique\",\"potentialAction\":[{\"@type\":\"SearchAction\",\"target\":{\"@type\":\"EntryPoint\",\"urlTemplate\":\"https:\/\/drsdhahak.com\/?s={search_term_string}\"},\"query-input\":{\"@type\":\"PropertyValueSpecification\",\"valueRequired\":true,\"valueName\":\"search_term_string\"}}],\"inLanguage\":\"fr-FR\"}]}<\/script>\n<!-- \/ Yoast SEO plugin. -->","yoast_head_json":{"title":"La Chirurgie R\u00e9fractive - Drs Dhahak","robots":{"index":"index","follow":"follow","max-snippet":"max-snippet:-1","max-image-preview":"max-image-preview:large","max-video-preview":"max-video-preview:-1"},"canonical":"https:\/\/drsdhahak.com\/index.php\/accueil\/lophtalmologie\/la-chirurgie-refractive\/","og_locale":"fr_FR","og_type":"article","og_title":"La Chirurgie R\u00e9fractive - Drs Dhahak","og_description":"[vc_row css=&#8221;.vc_custom_1616018155533{padding-top: 90px !important;padding-bottom: 90px !important;}&#8221;][vc_column width=&#8221;2\/3&#8243;][vc_column_text] La Chirurgie R\u00e9fractive &nbsp; La chirurgie r\u00e9fractive par laser est une intervention chirurgicale de confort visant \u00e0 corriger un ou plusieurs d\u00e9fauts visuels cumul\u00e9s \u00e0 savoir la myopie,l\u2019hyperm\u00e9tropie,l\u2019astigmatisme ou la presbytie. Le but est de r\u00e9duire la d\u00e9pendance vis-\u00e0-vis des lunettes ou des lentilles, pour acc\u00e9der \u00e0 une [&hellip;]","og_url":"https:\/\/drsdhahak.com\/index.php\/accueil\/lophtalmologie\/la-chirurgie-refractive\/","og_site_name":"Drs Dhahak","article_modified_time":"2021-03-17T21:55:56+00:00","og_image":[{"width":1920,"height":680,"url":"https:\/\/drsdhahak.com\/wp-content\/uploads\/2021\/02\/1.png","type":"image\/png"}],"twitter_card":"summary_large_image","twitter_misc":{"Dur\u00e9e de lecture estim\u00e9e":"1 minute"},"schema":{"@context":"https:\/\/schema.org","@graph":[{"@type":"WebPage","@id":"https:\/\/drsdhahak.com\/index.php\/accueil\/lophtalmologie\/la-chirurgie-refractive\/","url":"https:\/\/drsdhahak.com\/index.php\/accueil\/lophtalmologie\/la-chirurgie-refractive\/","name":"La Chirurgie R\u00e9fractive - Drs Dhahak","isPartOf":{"@id":"https:\/\/drsdhahak.com\/#website"},"primaryImageOfPage":{"@id":"https:\/\/drsdhahak.com\/index.php\/accueil\/lophtalmologie\/la-chirurgie-refractive\/#primaryimage"},"image":{"@id":"https:\/\/drsdhahak.com\/index.php\/accueil\/lophtalmologie\/la-chirurgie-refractive\/#primaryimage"},"thumbnailUrl":"https:\/\/drsdhahak.com\/wp-content\/uploads\/2021\/02\/1.png","datePublished":"2021-02-17T20:47:03+00:00","dateModified":"2021-03-17T21:55:56+00:00","breadcrumb":{"@id":"https:\/\/drsdhahak.com\/index.php\/accueil\/lophtalmologie\/la-chirurgie-refractive\/#breadcrumb"},"inLanguage":"fr-FR","potentialAction":[{"@type":"ReadAction","target":["https:\/\/drsdhahak.com\/index.php\/accueil\/lophtalmologie\/la-chirurgie-refractive\/"]}]},{"@type":"ImageObject","inLanguage":"fr-FR","@id":"https:\/\/drsdhahak.com\/index.php\/accueil\/lophtalmologie\/la-chirurgie-refractive\/#primaryimage","url":"https:\/\/drsdhahak.com\/wp-content\/uploads\/2021\/02\/1.png","contentUrl":"https:\/\/drsdhahak.com\/wp-content\/uploads\/2021\/02\/1.png","width":1920,"height":680},{"@type":"BreadcrumbList","@id":"https:\/\/drsdhahak.com\/index.php\/accueil\/lophtalmologie\/la-chirurgie-refractive\/#breadcrumb","itemListElement":[{"@type":"ListItem","position":1,"name":"Accueil","item":"https:\/\/drsdhahak.com\/"},{"@type":"ListItem","position":2,"name":"Accueil","item":"https:\/\/drsdhahak.com\/"},{"@type":"ListItem","position":3,"name":"L\u2019ophtalmologie","item":"https:\/\/drsdhahak.com\/index.php\/accueil\/lophtalmologie\/"},{"@type":"ListItem","position":4,"name":"La Chirurgie R\u00e9fractive"}]},{"@type":"WebSite","@id":"https:\/\/drsdhahak.com\/#website","url":"https:\/\/drsdhahak.com\/","name":"Drs Dhahak","description":"chirurgie plastique, r\u00e9paratrice et esth\u00e9tique et la chirurgie ophtalmologique","potentialAction":[{"@type":"SearchAction","target":{"@type":"EntryPoint","urlTemplate":"https:\/\/drsdhahak.com\/?s={search_term_string}"},"query-input":{"@type":"PropertyValueSpecification","valueRequired":true,"valueName":"search_term_string"}}],"inLanguage":"fr-FR"}]}},"_links":{"self":[{"href":"https:\/\/drsdhahak.com\/index.php\/wp-json\/wp\/v2\/pages\/1019","targetHints":{"allow":["GET"]}}],"collection":[{"href":"https:\/\/drsdhahak.com\/index.php\/wp-json\/wp\/v2\/pages"}],"about":[{"href":"https:\/\/drsdhahak.com\/index.php\/wp-json\/wp\/v2\/types\/page"}],"author":[{"embeddable":true,"href":"https:\/\/drsdhahak.com\/index.php\/wp-json\/wp\/v2\/users\/1"}],"replies":[{"embeddable":true,"href":"https:\/\/drsdhahak.com\/index.php\/wp-json\/wp\/v2\/comments?post=1019"}],"version-history":[{"count":3,"href":"https:\/\/drsdhahak.com\/index.php\/wp-json\/wp\/v2\/pages\/1019\/revisions"}],"predecessor-version":[{"id":1811,"href":"https:\/\/drsdhahak.com\/index.php\/wp-json\/wp\/v2\/pages\/1019\/revisions\/1811"}],"up":[{"embeddable":true,"href":"https:\/\/drsdhahak.com\/index.php\/wp-json\/wp\/v2\/pages\/1023"}],"wp:featuredmedia":[{"embeddable":true,"href":"https:\/\/drsdhahak.com\/index.php\/wp-json\/wp\/v2\/media\/844"}],"wp:attachment":[{"href":"https:\/\/drsdhahak.com\/index.php\/wp-json\/wp\/v2\/media?parent=1019"}],"curies":[{"name":"wp","href":"https:\/\/api.w.org\/{rel}","templated":true}]}}