{"id":1016,"date":"2021-02-17T21:42:35","date_gmt":"2021-02-17T20:42:35","guid":{"rendered":"https:\/\/drsdhahak.com\/?page_id=1016"},"modified":"2021-03-17T22:55:17","modified_gmt":"2021-03-17T21:55:17","slug":"keratocone","status":"publish","type":"page","link":"https:\/\/drsdhahak.com\/index.php\/accueil\/lophtalmologie\/keratocone\/","title":{"rendered":"K\u00e9ratoc\u00f4ne"},"content":{"rendered":"<p>[vc_row css=&#8221;.vc_custom_1616018114993{padding-top: 90px !important;padding-bottom: 90px !important;}&#8221;][vc_column][vc_column_text]<\/p>\n<h1 style=\"text-align: left;\"><span style=\"font-weight: 400;\">K\u00e9ratoc\u00f4ne<\/span><\/h1>\n<p><span style=\"font-weight: 400;\">Le k\u00e9ratoc\u00f4ne est une maladie d\u00e9g\u00e9n\u00e9rative de l\u2019oeil, qui se traduit par une perte de la sph\u00e9ricit\u00e9 de la corn\u00e9e qui prend la forme d\u2019un c\u00f4ne.<\/span><\/p>\n<p><span style=\"font-weight: 400;\">cette d\u00e9formation progressive, non inflammatoire entra\u00eene des distorsions de la vision, conduisant \u00e0 des images multiples, des stries et une hypersensibilit\u00e9 \u00e0 la lumi\u00e8re.<\/span><\/p>\n<p><span style=\"font-weight: 400;\">En fonction de la gravit\u00e9 du K\u00e9ratoc\u00f4ne, il existe plusieurs alternatives th\u00e9rapeutiques:<\/span><\/p>\n<ul>\n<li style=\"font-weight: 400;\" aria-level=\"1\"><span style=\"font-weight: 400;\">Lunettes ou lentilles souples.<\/span><\/li>\n<li style=\"font-weight: 400;\" aria-level=\"1\"><span style=\"font-weight: 400;\">Lentilles rigides.<\/span><\/li>\n<li style=\"font-weight: 400;\" aria-level=\"1\"><span style=\"font-weight: 400;\">Cross-Linking.<\/span><\/li>\n<li style=\"font-weight: 400;\" aria-level=\"1\"><span style=\"font-weight: 400;\">Anneaux corn\u00e9ens.<\/span><\/li>\n<li style=\"font-weight: 400;\" aria-level=\"1\"><span style=\"font-weight: 400;\">Greffe de la corn\u00e9e<\/span><\/li>\n<\/ul>\n<p>[\/vc_column_text][\/vc_column][\/vc_row]<\/p>\n","protected":false},"excerpt":{"rendered":"<p>[vc_row css=&#8221;.vc_custom_1616018114993{padding-top: 90px !important;padding-bottom: 90px !important;}&#8221;][vc_column][vc_column_text] K\u00e9ratoc\u00f4ne Le k\u00e9ratoc\u00f4ne est une maladie d\u00e9g\u00e9n\u00e9rative de l\u2019oeil, qui se traduit par une perte de la sph\u00e9ricit\u00e9 de la corn\u00e9e qui prend la forme d\u2019un c\u00f4ne. cette d\u00e9formation progressive, non inflammatoire entra\u00eene des distorsions de la vision, conduisant \u00e0 des images multiples, des stries et une hypersensibilit\u00e9 \u00e0 [&hellip;]<\/p>\n","protected":false},"author":1,"featured_media":1007,"parent":1023,"menu_order":0,"comment_status":"closed","ping_status":"closed","template":"page-templates\/template-fullwidth.php","meta":{"footnotes":""},"class_list":["post-1016","page","type-page","status-publish","has-post-thumbnail","hentry"],"yoast_head":"<!-- This site is optimized with the Yoast SEO plugin v27.1.1 - https:\/\/yoast.com\/product\/yoast-seo-wordpress\/ -->\n<title>K\u00e9ratoc\u00f4ne - Drs Dhahak<\/title>\n<meta name=\"robots\" content=\"index, follow, max-snippet:-1, max-image-preview:large, max-video-preview:-1\" \/>\n<link rel=\"canonical\" href=\"https:\/\/drsdhahak.com\/index.php\/accueil\/lophtalmologie\/keratocone\/\" \/>\n<meta property=\"og:locale\" content=\"fr_FR\" \/>\n<meta property=\"og:type\" content=\"article\" \/>\n<meta property=\"og:title\" content=\"K\u00e9ratoc\u00f4ne - Drs Dhahak\" \/>\n<meta property=\"og:description\" content=\"[vc_row css=&#8221;.vc_custom_1616018114993{padding-top: 90px !important;padding-bottom: 90px !important;}&#8221;][vc_column][vc_column_text] K\u00e9ratoc\u00f4ne Le k\u00e9ratoc\u00f4ne est une maladie d\u00e9g\u00e9n\u00e9rative de l\u2019oeil, qui se traduit par une perte de la sph\u00e9ricit\u00e9 de la corn\u00e9e qui prend la forme d\u2019un c\u00f4ne. cette d\u00e9formation progressive, non inflammatoire entra\u00eene des distorsions de la vision, conduisant \u00e0 des images multiples, des stries et une hypersensibilit\u00e9 \u00e0 [&hellip;]\" \/>\n<meta property=\"og:url\" content=\"https:\/\/drsdhahak.com\/index.php\/accueil\/lophtalmologie\/keratocone\/\" \/>\n<meta property=\"og:site_name\" content=\"Drs Dhahak\" \/>\n<meta property=\"article:modified_time\" content=\"2021-03-17T21:55:17+00:00\" \/>\n<meta property=\"og:image\" content=\"https:\/\/drsdhahak.com\/wp-content\/uploads\/2021\/02\/Slide22.jpg\" \/>\n\t<meta property=\"og:image:width\" content=\"567\" \/>\n\t<meta property=\"og:image:height\" content=\"378\" \/>\n\t<meta property=\"og:image:type\" content=\"image\/jpeg\" \/>\n<meta name=\"twitter:card\" content=\"summary_large_image\" \/>\n<meta name=\"twitter:label1\" content=\"Dur\u00e9e de lecture estim\u00e9e\" \/>\n\t<meta name=\"twitter:data1\" content=\"1 minute\" \/>\n<script type=\"application\/ld+json\" class=\"yoast-schema-graph\">{\"@context\":\"https:\/\/schema.org\",\"@graph\":[{\"@type\":\"WebPage\",\"@id\":\"https:\/\/drsdhahak.com\/index.php\/accueil\/lophtalmologie\/keratocone\/\",\"url\":\"https:\/\/drsdhahak.com\/index.php\/accueil\/lophtalmologie\/keratocone\/\",\"name\":\"K\u00e9ratoc\u00f4ne - Drs Dhahak\",\"isPartOf\":{\"@id\":\"https:\/\/drsdhahak.com\/#website\"},\"primaryImageOfPage\":{\"@id\":\"https:\/\/drsdhahak.com\/index.php\/accueil\/lophtalmologie\/keratocone\/#primaryimage\"},\"image\":{\"@id\":\"https:\/\/drsdhahak.com\/index.php\/accueil\/lophtalmologie\/keratocone\/#primaryimage\"},\"thumbnailUrl\":\"https:\/\/drsdhahak.com\/wp-content\/uploads\/2021\/02\/Slide22.jpg\",\"datePublished\":\"2021-02-17T20:42:35+00:00\",\"dateModified\":\"2021-03-17T21:55:17+00:00\",\"breadcrumb\":{\"@id\":\"https:\/\/drsdhahak.com\/index.php\/accueil\/lophtalmologie\/keratocone\/#breadcrumb\"},\"inLanguage\":\"fr-FR\",\"potentialAction\":[{\"@type\":\"ReadAction\",\"target\":[\"https:\/\/drsdhahak.com\/index.php\/accueil\/lophtalmologie\/keratocone\/\"]}]},{\"@type\":\"ImageObject\",\"inLanguage\":\"fr-FR\",\"@id\":\"https:\/\/drsdhahak.com\/index.php\/accueil\/lophtalmologie\/keratocone\/#primaryimage\",\"url\":\"https:\/\/drsdhahak.com\/wp-content\/uploads\/2021\/02\/Slide22.jpg\",\"contentUrl\":\"https:\/\/drsdhahak.com\/wp-content\/uploads\/2021\/02\/Slide22.jpg\",\"width\":567,\"height\":378},{\"@type\":\"BreadcrumbList\",\"@id\":\"https:\/\/drsdhahak.com\/index.php\/accueil\/lophtalmologie\/keratocone\/#breadcrumb\",\"itemListElement\":[{\"@type\":\"ListItem\",\"position\":1,\"name\":\"Accueil\",\"item\":\"https:\/\/drsdhahak.com\/\"},{\"@type\":\"ListItem\",\"position\":2,\"name\":\"Accueil\",\"item\":\"https:\/\/drsdhahak.com\/\"},{\"@type\":\"ListItem\",\"position\":3,\"name\":\"L\u2019ophtalmologie\",\"item\":\"https:\/\/drsdhahak.com\/index.php\/accueil\/lophtalmologie\/\"},{\"@type\":\"ListItem\",\"position\":4,\"name\":\"K\u00e9ratoc\u00f4ne\"}]},{\"@type\":\"WebSite\",\"@id\":\"https:\/\/drsdhahak.com\/#website\",\"url\":\"https:\/\/drsdhahak.com\/\",\"name\":\"Drs Dhahak\",\"description\":\"chirurgie plastique, r\u00e9paratrice et esth\u00e9tique et la chirurgie ophtalmologique\",\"potentialAction\":[{\"@type\":\"SearchAction\",\"target\":{\"@type\":\"EntryPoint\",\"urlTemplate\":\"https:\/\/drsdhahak.com\/?s={search_term_string}\"},\"query-input\":{\"@type\":\"PropertyValueSpecification\",\"valueRequired\":true,\"valueName\":\"search_term_string\"}}],\"inLanguage\":\"fr-FR\"}]}<\/script>\n<!-- \/ Yoast SEO plugin. -->","yoast_head_json":{"title":"K\u00e9ratoc\u00f4ne - Drs Dhahak","robots":{"index":"index","follow":"follow","max-snippet":"max-snippet:-1","max-image-preview":"max-image-preview:large","max-video-preview":"max-video-preview:-1"},"canonical":"https:\/\/drsdhahak.com\/index.php\/accueil\/lophtalmologie\/keratocone\/","og_locale":"fr_FR","og_type":"article","og_title":"K\u00e9ratoc\u00f4ne - Drs Dhahak","og_description":"[vc_row css=&#8221;.vc_custom_1616018114993{padding-top: 90px !important;padding-bottom: 90px !important;}&#8221;][vc_column][vc_column_text] K\u00e9ratoc\u00f4ne Le k\u00e9ratoc\u00f4ne est une maladie d\u00e9g\u00e9n\u00e9rative de l\u2019oeil, qui se traduit par une perte de la sph\u00e9ricit\u00e9 de la corn\u00e9e qui prend la forme d\u2019un c\u00f4ne. cette d\u00e9formation progressive, non inflammatoire entra\u00eene des distorsions de la vision, conduisant \u00e0 des images multiples, des stries et une hypersensibilit\u00e9 \u00e0 [&hellip;]","og_url":"https:\/\/drsdhahak.com\/index.php\/accueil\/lophtalmologie\/keratocone\/","og_site_name":"Drs Dhahak","article_modified_time":"2021-03-17T21:55:17+00:00","og_image":[{"width":567,"height":378,"url":"https:\/\/drsdhahak.com\/wp-content\/uploads\/2021\/02\/Slide22.jpg","type":"image\/jpeg"}],"twitter_card":"summary_large_image","twitter_misc":{"Dur\u00e9e de lecture estim\u00e9e":"1 minute"},"schema":{"@context":"https:\/\/schema.org","@graph":[{"@type":"WebPage","@id":"https:\/\/drsdhahak.com\/index.php\/accueil\/lophtalmologie\/keratocone\/","url":"https:\/\/drsdhahak.com\/index.php\/accueil\/lophtalmologie\/keratocone\/","name":"K\u00e9ratoc\u00f4ne - Drs Dhahak","isPartOf":{"@id":"https:\/\/drsdhahak.com\/#website"},"primaryImageOfPage":{"@id":"https:\/\/drsdhahak.com\/index.php\/accueil\/lophtalmologie\/keratocone\/#primaryimage"},"image":{"@id":"https:\/\/drsdhahak.com\/index.php\/accueil\/lophtalmologie\/keratocone\/#primaryimage"},"thumbnailUrl":"https:\/\/drsdhahak.com\/wp-content\/uploads\/2021\/02\/Slide22.jpg","datePublished":"2021-02-17T20:42:35+00:00","dateModified":"2021-03-17T21:55:17+00:00","breadcrumb":{"@id":"https:\/\/drsdhahak.com\/index.php\/accueil\/lophtalmologie\/keratocone\/#breadcrumb"},"inLanguage":"fr-FR","potentialAction":[{"@type":"ReadAction","target":["https:\/\/drsdhahak.com\/index.php\/accueil\/lophtalmologie\/keratocone\/"]}]},{"@type":"ImageObject","inLanguage":"fr-FR","@id":"https:\/\/drsdhahak.com\/index.php\/accueil\/lophtalmologie\/keratocone\/#primaryimage","url":"https:\/\/drsdhahak.com\/wp-content\/uploads\/2021\/02\/Slide22.jpg","contentUrl":"https:\/\/drsdhahak.com\/wp-content\/uploads\/2021\/02\/Slide22.jpg","width":567,"height":378},{"@type":"BreadcrumbList","@id":"https:\/\/drsdhahak.com\/index.php\/accueil\/lophtalmologie\/keratocone\/#breadcrumb","itemListElement":[{"@type":"ListItem","position":1,"name":"Accueil","item":"https:\/\/drsdhahak.com\/"},{"@type":"ListItem","position":2,"name":"Accueil","item":"https:\/\/drsdhahak.com\/"},{"@type":"ListItem","position":3,"name":"L\u2019ophtalmologie","item":"https:\/\/drsdhahak.com\/index.php\/accueil\/lophtalmologie\/"},{"@type":"ListItem","position":4,"name":"K\u00e9ratoc\u00f4ne"}]},{"@type":"WebSite","@id":"https:\/\/drsdhahak.com\/#website","url":"https:\/\/drsdhahak.com\/","name":"Drs Dhahak","description":"chirurgie plastique, r\u00e9paratrice et esth\u00e9tique et la chirurgie ophtalmologique","potentialAction":[{"@type":"SearchAction","target":{"@type":"EntryPoint","urlTemplate":"https:\/\/drsdhahak.com\/?s={search_term_string}"},"query-input":{"@type":"PropertyValueSpecification","valueRequired":true,"valueName":"search_term_string"}}],"inLanguage":"fr-FR"}]}},"_links":{"self":[{"href":"https:\/\/drsdhahak.com\/index.php\/wp-json\/wp\/v2\/pages\/1016","targetHints":{"allow":["GET"]}}],"collection":[{"href":"https:\/\/drsdhahak.com\/index.php\/wp-json\/wp\/v2\/pages"}],"about":[{"href":"https:\/\/drsdhahak.com\/index.php\/wp-json\/wp\/v2\/types\/page"}],"author":[{"embeddable":true,"href":"https:\/\/drsdhahak.com\/index.php\/wp-json\/wp\/v2\/users\/1"}],"replies":[{"embeddable":true,"href":"https:\/\/drsdhahak.com\/index.php\/wp-json\/wp\/v2\/comments?post=1016"}],"version-history":[{"count":3,"href":"https:\/\/drsdhahak.com\/index.php\/wp-json\/wp\/v2\/pages\/1016\/revisions"}],"predecessor-version":[{"id":1808,"href":"https:\/\/drsdhahak.com\/index.php\/wp-json\/wp\/v2\/pages\/1016\/revisions\/1808"}],"up":[{"embeddable":true,"href":"https:\/\/drsdhahak.com\/index.php\/wp-json\/wp\/v2\/pages\/1023"}],"wp:featuredmedia":[{"embeddable":true,"href":"https:\/\/drsdhahak.com\/index.php\/wp-json\/wp\/v2\/media\/1007"}],"wp:attachment":[{"href":"https:\/\/drsdhahak.com\/index.php\/wp-json\/wp\/v2\/media?parent=1016"}],"curies":[{"name":"wp","href":"https:\/\/api.w.org\/{rel}","templated":true}]}}